st common factor of h and 20.
20
Suppose -23*n + 5597 = -0*n - 291. What is the highest common factor of 832 and n?
64
Let z be ((-14)/(-6))/(7/21)*186/21. What is the greatest common divisor of z and 12338?
62
Let i = -1966 - -976. Let c be (-2 + 4)/((-12)/i). Calculate the highest common divisor of c and 15.
15
Suppose -2022*h - 54 = -2028*h. What is the greatest common divisor of h and 21?
3
Let z = 14935 - 14486. What is the greatest common factor of 1 and z?
1
Let y(u) = 3*u**2 + 2*u. Let c be y(1). Suppose 2*f + 15 = i, c*i + f - 4*f - 110 = 0. Suppose 2*m = 67 - i. What is the highest common factor of 147 and m?
21
Suppose -4*o + o + 46 = 4*d, 4*o - 74 = d. Let z(f) = 39*f + 104. Let b be z(17). Suppose -760*j - 252 = -b*j. Calculate the greatest common factor of o and j.
18
Let p(d) = -142*d**2 - 804*d + 6. Let o be p(-4). What is the highest common divisor of 260 and o?
10
Let l = -614 + 799. Let f = 26 + -18. Let z be ((-148)/f)/((-2)/8). Calculate the highest common divisor of z and l.
37
Suppose 56 = -b + 3*f - 9, -f = -3*b - 235. Let x be (-33020)/b - (-1)/4. Calculate the greatest common factor of x and 7.
7
Let w(p) = -15*p**3 - 30*p**2 - 80*p - 674. Let l be w(-12). Calculate the greatest common factor of 62 and l.
62
Suppose 2*l = -3*j + 45, -4*l + 5*j + 43 = 8. Calculate the highest common factor of l and 135.
15
Suppose 3*n + r + 2*r = 2844, -3*n + 2860 = -5*r. Let f be 7/(154/n) - (-10)/(-55). What is the greatest common divisor of f and 86?
43
Let h(u) = -u. Let y(v) = 8*v + 6. Let p(o) = 14*h(o) + 2*y(o). Let k be p(4). Let x be ((-25)/k + 4)*4. What is the highest common factor of x and 33?
11
Let o(v) = -v**2 - 120*v + 1920. Let z be o(-64). What is the greatest common factor of z and 516?
172
Let h(g) = 7*g + 9*g - g**2 + 6 - 14 - 4. Let m be h(14). Suppose 513 = 3*a - 7*c + 2*c, -3 = -c. Calculate the highest common divisor of a and m.
16
Let g be 24 + (3/1)/(-1*1). Suppose -23*m + 16 = -g*m. Calculate the highest common factor of 88 and m.
8
Let q = 19582 + -10088. What is the greatest common factor of 606 and q?
202
Let r(d) = 37 - 9*d**2 - 20*d - 8 + 11*d**2 + 24*d + 36. Let g be r(0). Calculate the greatest common divisor of 117 and g.
13
Suppose 0 = -y - 0*y + 10. Suppose -4*c - 28 = -a, 4*a = 3*c - 4*c + 112. Suppose -5*b - 2*b = -a. What is the highest common divisor of y and b?
2
Let o = -1 - 8. Let u(d) = 93*d**3 + 2*d**2 + d - 1. Let l be u(-1). Let s be l/(-9) - (-3)/o. Calculate the highest common divisor of s and 5.
5
Let k be 8/(48/(-40)*10/(-6)). Suppose -5*r + 10 = 0, -2*y - 8*r = -k*r - 268. What is the greatest common divisor of 195 and y?
65
Suppose -4*g = g - 300. Suppose 3*d - d = 4, 0 = 5*i + 5*d - 50. Suppose 5*r + g = i*r. What is the greatest common factor of 50 and r?
10
Suppose -1453573 = -98*m - 195*m. What is the greatest common divisor of m and 484?
121
Let p be 21*(828/27 + (1 - 0) + 1). Calculate the highest common factor of 70 and p.
14
Suppose 3*f - 606 = -3*a, -584*f + 21 = -581*f. Calculate the highest common factor of 45 and a.
15
Suppose -7 = -3*y + 8*z - 6*z, -3*z = 2*y - 22. Let u be (-4)/22 - (-1332)/66. Suppose -u = -24*t + 20*t. What is the greatest common divisor of y and t?
5
Suppose 13 = o - 29. Let u = -10666 - -11380. Calculate the greatest common factor of u and o.
42
Let m be 0/2 - ((-32)/(-56) - 55447/49). Calculate the greatest common divisor of m and 2436.
87
Suppose -2*j + 134 = 88. What is the greatest common factor of 2783 and j?
23
Let l(k) = 7*k - 52. Let v be l(-9). Let p be (-23)/(v/30)*(-1 + 11). Suppose -11*a + p = 9*a. What is the highest common divisor of 21 and a?
3
Let w = 240 - -13. Let y(v) = -14*v**2 - 277*v - 972. Let i be y(-15). What is the greatest common factor of w and i?
11
Suppose -23*z = -6*z - 425 - 459. What is the highest common divisor of z and 1274?
26
Suppose 68*f - 91*f - 232 = -5407. What is the highest common factor of f and 423?
9
Let t be ((-81)/108)/((135/(-200))/9). What is the highest common divisor of 365 and t?
5
Let y be (-2086)/21 - (-1)/3. Suppose 2*i = d - 273, -i + 645 = -5*d + 2019. Let b = y + d. What is the highest common divisor of b and 44?
44
Suppose m = -4*m - 100. Let t be ((-42)/(-4))/((-2)/m). Suppose -215 = -i - 4*i + 5*p, -4*i = 3*p - 116. Calculate the highest common divisor of i and t.
35
Suppose 99*f = -181*f + 156800. What is the highest common divisor of 800 and f?
80
Let c = -1717 - -1835. Suppose -47 = -z + 12. What is the highest common divisor of c and z?
59
Let i = -105629 + 105754. Suppose -w = -9 - 11. What is the highest common factor of i and w?
5
Let n(c) = c**3 - 18*c**2 + 96*c + 44. Let t be n(17). Calculate the highest common factor of 589 and t.
19
Let w be (-16)/20 - (124/(-5) + 0). Suppose w = 9*z - 8*z. Calculate the highest common divisor of z and 8.
8
Suppose 0 = 6*r - 10 - 8. Let m be r + (-5 - (-4 - 1)). What is the highest common divisor of 12 and m?
3
Let h(y) = y + 32. Let f be h(-15). Let k be 16/(-2 - 2) + f. Suppose -3*z = 3*i - 72, -4 - 16 = -i - 3*z. Calculate the greatest common factor of i and k.
13
Let g = -2158 + 2373. What is the highest common factor of 602 and g?
43
Suppose -4*i = -8*i. Suppose i*v = 5*v. Suppose v*w + 9*w = 333. What is the highest common factor of w and 111?
37
Suppose s - 2 = 0, -2*k - 14 = -6*k + s. Suppose -25*h + 108 = -92. Calculate the highest common divisor of k and h.
4
Let f = -7 - -10. Let k(r) = 42*r - 1532. Let z be k(37). Suppose t - z = -0*m - 2*m, f*m = t + 38. What is the highest common factor of 36 and m?
12
Let w(s) = s**2 + s - 8. Let o be w(6). Suppose -4*x = -3*v - 361, -x - 25*v + 23*v = -71. What is the highest common divisor of o and x?
17
Suppose -338 = -35*v + 9*v. Suppose 9*x = 13*x - 104. Calculate the greatest common divisor of x and v.
13
Let p(i) = 3*i**3 - i**2 + 72*i - 344. Let x be p(7). Calculate the greatest common factor of 24 and x.
12
Suppose -3*y = 4*o - 2 - 3, -3 = -4*o - 5*y. Let x be ((-15)/(75/(-10)))/(o/9). What is the greatest common divisor of x and 99?
9
Let m(x) = -1043*x - 2642. Let k be m(-4). Calculate the highest common factor of k and 136.
34
Let c be -8 + (2*3/24 - ((-378)/56 + -23)). Suppose -2*r + v = 5*v - 604, 0 = -5*v - 15. Calculate the highest common divisor of r and c.
22
Let l(u) = u**2 - 11*u + 33. Let b be l(4). Suppose -3*a = -y + 44 + 7, -b*y = -a - 283. What is the highest common divisor of 76 and y?
19
Let i be (8120/(-1421))/(10/(-364)). Calculate the greatest common divisor of 39 and i.
13
Let k be 2 + 1 + (-66024)/(-5) + 68/340. Calculate the greatest common divisor of k and 39.
13
Suppose -4*i + 81 = s - 7*i, 2*s + 2*i - 194 = 0. Let n = -135 + s. Let t be ((-224)/n)/((-2)/(-15)). What is the greatest common divisor of 5 and t?
5
Let d(u) = u**3 + 9*u**2 - 3*u - 5. Let a be d(-9). Suppose 20*v - a*v = -320. Suppose 0 = 4*p - 3*p - 64. Calculate the greatest common divisor of v and p.
32
Suppose 0 = -90*f + 78*f + 156. Calculate the greatest common factor of f and 4459.
13
Suppose -3*z + 4*h + 810 = 0, -4*z - 5*h + 757 + 261 = 0. Calculate the highest common factor of 6 and z.
2
Let h be 0/(-2) - (1 + -4). Suppose 0 = -2*t - 3*r + 5, -h*t + 2*r + 4 - 3 = 0. What is the highest common divisor of 16 and t?
1
Let m be -6 + 3 + -60*(-7)/14. Suppose 2*r + 30 = 7*r. Calculate the greatest common factor of m and r.
3
Let o(a) = a**2 + 40*a - 3419. Let h be o(42). Calculate the greatest common factor of h and 100.
25
Let f be ((-6402)/(-88) - 1) + 3/12. What is the highest common factor of f and 4743?
9
Suppose 0 = f + 2*m - 1784, 3*f - 16*m + 12*m - 5392 = 0. Calculate the highest common divisor of 28 and f.
28
Let c(q) = 54*q**2 + 359*q - 3354. Let p be c(10). What is the greatest common factor of 4 and p?
4
Suppose -237 = -35*d + 43. Let n = d - 1. Suppose 2*g + 2*g - 4 = 0. Calculate the greatest common divisor of g and n.
1
Let m = 12 - -8. Let i(x) = -44*x**2 + 62*x**2 + m*x - 11*x. Let t be i(-3). What is the greatest common factor of 54 and t?
27
Let y = 59 - 8. Suppose -s - 10 = -y. Suppose 46*z - s*z - 350 = 0. What is the greatest common factor of z and 30?
10
Suppose 7*j = 523 + 611. Suppose -6*k - 42 = -j. Suppose k = 11*x - 222. Calculate the greatest common divisor o